0 is divided by 16.
14
Let s = 100 + -88. What is the remainder when 22 is divided by s?
10
Let k = 8 - -10. Suppose -k = -d - 0*d. What is the remainder when 52 is divided by d?
16
Suppose 136*q - 133*q = 21. Let p(d) = 4*d**2 + 2*d - 3. Calculate the remainder when p(-3) is divided by q.
6
Let a(g) = 2*g - 4*g - 3 + 3*g**2 + 2. Calculate the remainder when (-460)/(-16) + 1/4 is divided by a(-2).
14
Suppose 0 = 4*d + 502 - 2374. What is the remainder when 65 is divided by 2/(-7) + d/21?
21
Let d = -23 - -62. Calculate the remainder when d is divided by 5.
4
Let k = 319 - 184. Suppose -4*b + 5*u = -k, -3*b - u = -b - 57. Let v = -29 - -45. What is the remainder when b is divided by v?
14
Let d be (-4 - (-16)/3)*3. Let v(n) = 4*n + 4. Calculate the remainder when v(d) is divided by 8.
4
Calculate the remainder when 518/18 - 12/(-54) is divided by 10.
9
Suppose 2*f = -10 + 18. Calculate the remainder when f is divided by 4.
0
Suppose -a + 4 = 0, 0 = 3*q + 3*a - 0 - 21. Let m be (1/q)/(2/12). Let s = m + 5. Calculate the remainder when s is divided by 4.
3
Suppose 2*i - 84 = -2*i. What is the remainder when 83 is divided by i?
20
Let q(g) = g**2 + g - 4. Let w be q(-3). Suppose -w*l + 35 = -m, 3*l - 4*l + 2*m + 22 = 0. Calculate the remainder when l is divided by 9.
7
Let l(j) = j**3 + 6*j**2 - 2*j + 1. Let u be l(-6). Suppose 0 = -5*y - 2 - u, 4*h = -y + 69. Calculate the remainder when 53 is divided by h.
17
Let r(b) = -b**2 + 6*b + 1. Let l be r(5). Suppose 5*w = l*w - 16. What is the remainder when w is divided by 10?
6
Let z be 16/10*20/8. Suppose 0 = -2*o + z*o - 2. What is the remainder when 4 is divided by o?
0
Let s = 421 - 249. What is the remainder when s is divided by 25?
22
Let o be (0 - 1)*(56 - -3). Let v = 85 + o. What is the remainder when v is divided by 9?
8
Let r(k) = -k**2 + 8*k + 11. Suppose 0*s + 5*b = -4*s + 114, 0 = -s - 4*b + 23. What is the remainder when s is divided by r(8)?
9
Suppose 5 + 89 = 3*f - 4*y, 140 = 4*f + 2*y. Calculate the remainder when f is divided by 18.
16
Suppose -10 + 4 = 3*b, 5*z - 4*b - 43 = 0. Suppose -y - 99 = -4*x, -3*y + 23 = 5*x - 105. Calculate the remainder when x is divided by z.
4
Suppose 2*c - 14 = -4*m, 4*m - 2 = -c + 1. Calculate the remainder when c is divided by 4.
3
Let b be (4/3)/((-6)/(-27)). Let n be (b/9)/(3/9). Calculate the remainder when 8 is divided by n/(-6) - 16/(-3).
3
Suppose -5*t + 10 = -3*t. Let v = 14 - t. What is the remainder when 35 is divided by v?
8
Suppose 183 = 3*l + 9. What is the remainder when l is divided by 15?
13
Let s(w) = -4*w - 2. Let m(t) = -t**2 - 9*t - 11. Let q be m(-8). Let k(h) = h**2 + 3*h - 3. Let i be k(q). Calculate the remainder when 18 is divided by s(i).
8
Let s = 134 + -24. Calculate the remainder when s is divided by (1 - (-114)/4) + (-12)/8.
26
Suppose -10*k - 32 = -14*k. What is the remainder when 28 is divided by k?
4
Suppose -104 = -4*l - 20. Let i = -39 - -129. Let q = i + -28. What is the remainder when q is divided by l?
20
Suppose -2*v + 147 = v. Calculate the remainder when v is divided by 17.
15
Suppose 5*u - 75 = -20. What is the remainder when 92/5 + 15/25 is divided by u?
8
Suppose -5 = 5*m, -2*x - 2*x - 2*m = -74. What is the remainder when 54 is divided by x?
16
Let q(y) = 3*y**3 - 4*y**2 - 5*y + 3. What is the remainder when q(3) is divided by 18?
15
Suppose 12 = 3*q, s + 3*s = 2*q + 588. Suppose 5*f + s = 4*r, 4*r - f - 165 + 36 = 0. What is the remainder when r is divided by 11?
9
Let t(f) = 13*f + 3. Suppose 0 = -0*s + s - 4. Let b be t(s). Let o = -24 + b. What is the remainder when o is divided by 16?
15
Let w = 4 - 0. Let p(l) = 2*l**2 - 4*l - 3. What is the remainder when 51 is divided by p(w)?
12
Let q be (8/(-6))/((-4)/6). Let m be q + -1 + 118/(-1). Calculate the remainder when 4/(-10) - m/5 is divided by 8.
7
Suppose -o - 5*m + 21 = -21, m - 2 = 0. Calculate the remainder when o is divided by 11.
10
What is the remainder when 4/5*575/10 is divided by -4*(-4 + (-1 - -1))?
14
Suppose -7 = 4*n - 59. Calculate the remainder when 36 is divided by n.
10
Let u be (-6)/21 - (-1464)/28. Suppose -3*k + u = 5*l, -2*l - 3*k + 9 + 19 = 0. Calculate the remainder when 39 is divided by l.
7
Let q = -164 - -51. Let h = -63 - q. Calculate the remainder when h is divided by 13.
11
Let f(m) = m + 21. Suppose 4*d - 4 = -4*q - 0, -4*d + q = -29. Calculate the remainder when f(0) is divided by d.
3
Let h = 3 - -24. Let u = -11 + h. Suppose m = 5*k + 3 + 21, -5*m + 39 = 2*k. What is the remainder when u is divided by m?
7
Let n(w) = w**3 - 12*w**2 + 14*w - 12. Let q = -42 - 7. Let d = q + 110. Calculate the remainder when d is divided by n(11).
19
Let r(y) = y**2 + 9*y - 35. Calculate the remainder when r(-15) is divided by 20.
15
Suppose 0 = 5*m + 4*v + 111, 5*m + 67 = 2*v - 20. Let r = m - -34. Calculate the remainder when r is divided by 4.
3
Let j = 4 + -1. Suppose 4*f = -j + 43. Let m(u) = 4*u - 5. What is the remainder when m(6) is divided by f?
9
Suppose 6 + 10 = j. Let s be (2/4)/(1/6). Suppose v = s*k - 29, k + 4*v - 2 + 1 = 0. What is the remainder when j is divided by k?
7
Suppose -4*a - 68 = -4*i, -2*i - 5*a = 3*i - 105. Suppose 7*r = -r + 592. Calculate the remainder when r is divided by i.
17
Suppose 220 = 3*n - 0*n - 4*s, 0 = -2*n - 4*s + 160. What is the remainder when n is divided by 26?
24
Let k(j) = -2*j**2 + 21*j - 19. What is the remainder when 37 is divided by k(9)?
5
Suppose -5*d - 23 + 8 = 0. Let v = 3 - d. What is the remainder when v is divided by 2?
0
Calculate the remainder when 40 is divided by 6 + -4 + -1 - -14.
10
Suppose -4*j = -5*c - 65, 4*j + c + 35 = 7*j. Calculate the remainder when j is divided by 7.
3
What is the remainder when 89 is divided by 3/9*(87 - -6)?
27
Let l(i) = -i**2 - 9*i - 4. Let c be l(-8). Let r be (2/c)/((-2)/36). Let k = 46 - r. What is the remainder when k is divided by 19?
17
Let y = 17 + 3. Let o = y - 13. What is the remainder when 11 is divided by o?
4
Suppose 0 = -4*d + 3*d + 32. Suppose 5*t = t + d. Calculate the remainder when 23 is divided by t.
7
Calculate the remainder when 69 is divided by 8/16*18*2.
15
Let d(w) = w**3 - 4*w**2 - 3*w - 6. Let y be d(5). Suppose 0 = -4*i - 0*h + 2*h - 34, -y*i - h = 19. What is the remainder when 34 is divided by (i/4)/(-3)*24?
10
Suppose 38 = d - 3*u, 6 = -0*u + 3*u. Suppose x = 18 + d. Let b = x + -31. What is the remainder when b is divided by 17?
14
Let j = -5 - -9. Let y = j - -19. What is the remainder when y is divided by 6?
5
Suppose 2*u + 57 = -65. Let s = u - -95. Calculate the remainder when s/9 + 4/18 is divided by 2.
0
Let p(g) = -3*g**3 - 2*g**2 + g - 2. Let r be p(-2). Let s = 33 - r. What is the remainder when s is divided by 11?
10
Let o(z) = 4*z**3 + z**2 + 2. Let g be o(-2). Let w = -13 - g. What is the remainder when w is divided by 5?
3
Suppose 0 = 3*o - 8*o, -2*q + 2*o = -32. Suppose 4*k - 2 - q = -5*z, z = -k + 3. Calculate the remainder when z is divided by 4.
2
Calculate the remainder when 69 is divided by (-166)/(-18) + (20/(-9) - -2).
6
Suppose 4*h = -i + 18 - 0, h + i - 3 = 0. Suppose 0 = -h*w + b + 215 + 16, 0 = 2*w + 3*b - 89. What is the remainder when w is divided by 24?
22
Let t = -19 + 23. Suppose -t*p + 33 + 59 = 0. Calculate the remainder when 68 is divided by p.
22
Let f be (-2)/(-8) + (-1)/4. Suppose -3*r = -f*k + 5*k - 59, 25 = r + 3*k. What is the remainder when r is divided by 4?
1
Let a be 2/(-2) - (-1 - 6). Suppose -4 = -5*q + a. Suppose 0 = -n - 5*j + 25, j = -q*n + 3*j + 38. Calculate the remainder when n is divided by 7.
6
Let n be (-2)/8 - (-58)/8. Let c = 18 - n. Suppose -4 = -p + c. What is the remainder when p is divided by 8?
7
Let p = -25 + 46. Suppose p = 4*m - 63. What is the remainder when 61 is divided by m?
19
Suppose -2*h + 14 = -h. Let g = h + -3. Calculate the remainder when 21 is divided by g.
10
Suppose -3*g - a = -495, -5*g - 3*a + 489 = -340. Suppose -x - x + 123 = 3*p, 0 = 4*p - 5*x - g. What is the remainder when p is divided by 21?
20
Calculate the remainder when (-6)/135*3 + (-1622)/(-15) is divided by 38.
32
Let z(p) = -p**3 + 4*p**2 + 4*p + 5. Let f be z(5). Let q(l) = -l**2 + 2*l + l + f*l + 1. What is the remainder when q(3) is divided by 1?
0
Suppose -3*o + 1